ided by 26.
24
Let o(p) = -10*p + 23. Let i be o(15). Let c = -98 - i. Calculate the remainder when 84 is divided by c.
26
Suppose 31*s + 120 = 37*s. Let z(r) = -r**3 + 7*r**2 + 10*r + 4. What is the remainder when (55/s)/((-1)/(-112)*4) is divided by z(8)?
17
Let f be (-2)/5 - 1628/(-370). Calculate the remainder when 11 is divided by f + 11 + (4 - 17) + 7.
2
Let n = 1400 + -552. Suppose -880 = 3*k - 5*k + 5*x, 3*x = -2*k + n. Calculate the remainder when k is divided by 48.
46
Calculate the remainder when 1103893/6265 - (-1 + 12/10) is divided by 20.
16
Suppose -56*l = 38*l - 76892. What is the remainder when l is divided by 164?
162
Let t = 9 + -7. Suppose -p = -5*n - 35, 0 = 5*n - 2*p + 10 + 20. Calculate the remainder when (63/12 - 3)/((-3)/n) is divided by t.
0
Calculate the remainder when 13 + -21 - 4/((-16)/364) is divided by 62.
21
Let l(v) = v**3 + 5*v**2 - 6*v - 18. Let n be l(-3). Let t = 9 + -5. Suppose -5*s + n = -t*s. What is the remainder when 49 is divided by s?
13
Let z(b) = -2*b**3 + 140*b**2 + 79*b - 1711. What is the remainder when z(70) is divided by 20?
19
Suppose 0 = -4*b + 3*w + 47153 + 10628, -2*b - 2*w + 28908 = 0. Calculate the remainder when b is divided by 22.
17
Suppose 4*d - 5 = 43. Suppose 0*y + d = 4*y. Suppose y*h + 36 = 6*h. What is the remainder when 58 is divided by h?
10
Suppose -2*f - 2*c + 40 = c, 5*f - 100 = 5*c. What is the remainder when (32/6)/((-7)/(-126)) is divided by f?
16
Suppose 0 = 4*b - 3*l + 473, 2*b + 3*b - 3*l + 595 = 0. Let c = 168 + b. Calculate the remainder when c is divided by 13.
7
Calculate the remainder when 14951 is divided by 20 + 322/23 - 6.
27
Suppose 1085 = 3*y + o, -o - o = 8. Let m = 335 + -261. What is the remainder when y is divided by m?
67
Suppose -s - 11 - 83 = -2*p, -4*p + 192 = -3*s. What is the remainder when (-4)/14 + (-10060)/(-28) is divided by p?
44
Suppose 0 = 9*b - 178 + 34. Suppose -u - 1 = -b. Suppose 3*v - 118 = -i, -77 = -2*v - 0*i - i. Calculate the remainder when v is divided by u.
11
Suppose 7*g + 0*g = -g. Suppose g = -7*w - 6 + 188. Calculate the remainder when w is divided by 9.
8
Let h be 60/(-2)*(5 + -6). Suppose 0*l = 3*l - h. Suppose -7*j + 6201 = 6068. Calculate the remainder when j is divided by l.
9
Let c = -1603 + 1630. Suppose 0 = 2*v - 0 - 6. Calculate the remainder when c is divided by (-3 + 42/v)*1.
5
Let c(h) = h**3 + 12*h**2 - 28*h + 15. Let x = 343 - 357. Calculate the remainder when 327 is divided by c(x).
12
Let r be (-102)/(-18) - 4/(-12). Let k = r + 0. Suppose -k*a + 244 = 70. Calculate the remainder when a is divided by 19.
10
Calculate the remainder when 16 is divided by 6*240/216 - (-4)/12.
2
Let l = 20770 + -20385. What is the remainder when l is divided by (-1)/2*(-87 - -1)?
41
Let h(t) = t**3 - 3*t**2 - 18*t + 16. Let u(q) = -q**3 + 3*q**2 + 19*q - 17. Let p(c) = -6*h(c) - 5*u(c). Calculate the remainder when 124 is divided by p(4).
24
Let g = -5497 - -5585. What is the remainder when 3519 is divided by g?
87
Let j = 90 - -67. Suppose -4*h + 4*r + 23 = -153, 4*h = -r + 176. What is the remainder when j is divided by h?
25
Let s(b) = b**3 - 27*b**2 - 7*b + 193. Let w be s(27). Suppose 0 = d + a - 14, 11 = 2*d - 5*a + w. Calculate the remainder when 161 is divided by d.
7
Let a = 66 - 64. Let g(y) = -70*y**2 - 70*y - 21. Let b(d) = -7*d**2 - 7*d - 2. Let s(f) = a*g(f) - 21*b(f). What is the remainder when s(-5) is divided by 36?
32
Suppose 3*o - 18 = 9. Suppose -20*t = o - 1629. What is the remainder when t is divided by 12?
9
Suppose 0 = 2*w + 4, -5*r + 0*w = 10*w - 980. Let o = 91 + -62. Calculate the remainder when r is divided by o.
26
Let w(g) = -26 - 5 + 2 - 12*g. Let t be w(-13). Calculate the remainder when 80 is divided by t/5 + 2 - 32/80.
26
Suppose -25*a = -24*a + 25. Let c be (5/(a/(-855)))/1. Let l = -101 + c. Calculate the remainder when l is divided by 9.
7
Suppose 523*c - 5302 - 746 = 2320. What is the remainder when 95 is divided by c?
15
Calculate the remainder when 2/5 - ((-75)/(-1500) - (-8433)/(-20)) is divided by 49.
30
Suppose 16*d + 64 = 20*d. Suppose -35*m + d*m + 1786 = 0. Calculate the remainder when m is divided by 16.
14
Suppose 0 = 3*w + 3*r - 558, 5*r - 289 = -w - 107. Suppose -90 = 3*a + 186. Calculate the remainder when w is divided by (a + -2)/(2 + -4).
46
Suppose 0 = -4*z - 4, z = -2*c - z. Let i = 143 - 314. Let t = 172 + i. Calculate the remainder when c is divided by t.
0
Suppose 2*g + 49 = 3*j, -j - j = -g - 32. Suppose -j*i + 2*i = -728. Suppose 5*a = 2*a - 2*l + 46, a = -3*l + 27. What is the remainder when i is divided by a?
8
Calculate the remainder when 2164 is divided by 11/88*57*8.
55
Suppose 0 = -y - 5*s - 5 + 1, -4*s = 5*y - 1. Let l be -3 + -43 + (y - 5). Let v = l + 100. Calculate the remainder when 96 is divided by v.
46
Suppose 552*g - 607*g = -605. Suppose -b - 863 = -5*o - 2*b, -5*b = 2*o - 336. Calculate the remainder when o is divided by g.
8
Suppose 6*s + 19 = 43. Suppose 3*t = 8*h - 5*h - 18, -s*t = 12. What is the remainder when 69 is divided by h?
0
Suppose 347*v - 13350 = -730*v - 258*v. Let z(a) = a**2 + 9*a + 7. Let g be z(-8). What is the remainder when (3 - 1) + 14 + g is divided by v?
5
Let j(m) = m**3 + 31*m**2 - 2*m + 152. Calculate the remainder when j(-31) is divided by 62.
28
Let k(y) = -1325*y - 9500. What is the remainder when k(-8) is divided by 138?
134
Let j(v) = 181*v + 3. Let q be -3 - (-64)/20 - (-8)/10. Let h be j(q). Let z = 273 - h. What is the remainder when z is divided by 30?
29
Let a(s) = s**3 - 33*s**2 - 33*s - 15. What is the remainder when 1422 is divided by a(34)?
16
Suppose 4*m - 1947 = -b, 3*m = 3*b + 1463 + 16. What is the remainder when m is divided by 31?
23
Let l = 11216 - 7268. Calculate the remainder when l is divided by 50.
48
Let n(u) = -u**3 - 9*u**2. Let c be n(-9). Suppose c = 6*s + 13 - 1. Let q = s - -8. What is the remainder when 8 is divided by q?
2
Suppose -19*x = -3644 - 877 - 761. Calculate the remainder when x is divided by 58.
46
Let q = 2 - 4. What is the remainder when ((-6)/10)/(q/10) is divided by 642/214 - (-3 + 3)*(-4)/8?
0
Let z = -26 - -75. Calculate the remainder when z is divided by (-999)/(-42) + (-18)/420*-5.
1
Let k be (21/6 + -4)*-6. Let z = 51 - k. Suppose -z - 60 = -12*w. What is the remainder when 35 is divided by w?
8
Suppose 3*c = -5 - 1. What is the remainder when 24 is divided by (-328)/(-16) + 1/c?
4
Suppose 917 - 7169 - 3664 = -134*d. What is the remainder when d is divided by 5 + -4 + 1 + 31?
8
Suppose -417 = -5*b + 4*o, b + 5*o = 3*b - 160. What is the remainder when b is divided by 16?
5
Let b(n) be the first derivative of -n**2 + 31*n + 28. Suppose 4*s - 8 + 44 = 0. Calculate the remainder when b(s) is divided by 26.
23
Calculate the remainder when 333 is divided by 45 - -28 - (10 + 2).
28
Calculate the remainder when (-3 - -487) + 240/12 is divided by 99.
9
Suppose 0 = 51*z - 8464 - 2348. Calculate the remainder when z is divided by 56.
44
What is the remainder when -6*3/54*-141 is divided by (-399)/(-15) + (-4)/(-10)?
20
Let m(l) be the first derivative of 7*l**2/2 + 156*l - 148. Calculate the remainder when m(-15) is divided by 38.
13
Let d(v) = 7*v + 1. Suppose 473*y = 477*y - 116. Suppose 5*p = -10, 4*t - 2*p - y - 35 = 0. What is the remainder when d(5) is divided by t?
6
Let w = 57 - 41. Suppose -6*f + 3*h - 592 = -8*f, 922 = 3*f - 4*h. Calculate the remainder when f is divided by w.
14
Let g(t) = -40*t - 50. Let j be g(13). Let u = j + 584. Calculate the remainder when 30 is divided by u.
2
Suppose -r = -2*x - 186, 2*r + 408*x - 401*x = 438. Calculate the remainder when 6343 is divided by r.
7
Calculate the remainder when 10471 is divided by -35*((-213)/45 - 1/(-3)).
153
Suppose -2*c = -2*t + 25 - 1, 2*t - 5*c - 21 = 0. Suppose 5*h + 1 = -r - 18, 3*r - t = -h. Calculate the remainder when 58 is divided by r.
4
Let v(w) = w**2 + 24*w + 40. Let u be v(-19). Let y = -34 - u. What is the remainder when 165 is divided by y?
18
Let t(r) = 7*r**2 + 21*r + 87. Calculate the remainder when 351 is divided by t(-3).
3
Let u(s) be the second derivative of 3*s**4/4 - s**2/2 - 21*s. Let y be u(3). What is the remainder when 0 + y/4*(3 + -1) is divided by 11?
7
Let z(l) = l**3 + 14*l**2 + 14*